{"id":1806,"date":"2020-06-15T22:55:26","date_gmt":"2020-06-15T20:55:26","guid":{"rendered":"https:\/\/www.ergotoggenburg.ch\/?page_id=1806"},"modified":"2025-10-07T13:01:50","modified_gmt":"2025-10-07T11:01:50","slug":"hilsmittelabklaerung","status":"publish","type":"page","link":"https:\/\/www.ergotoggenburg.ch\/web\/index.php\/angebot-ergotherapie\/hilsmittelabklaerung\/","title":{"rendered":"Hilfsmittelabkl\u00e4rung"},"content":{"rendered":"\n<figure class=\"wp-block-image size-large is-resized\"><img loading=\"lazy\" decoding=\"async\" width=\"1024\" height=\"683\" src=\"https:\/\/www.ergotoggenburg.ch\/web\/wp-content\/uploads\/2023\/03\/MZ6_92581-1024x683.jpg\" alt=\"\" class=\"wp-image-2565\" style=\"width:627px\" srcset=\"https:\/\/www.ergotoggenburg.ch\/web\/wp-content\/uploads\/2023\/03\/MZ6_92581-1024x683.jpg 1024w, https:\/\/www.ergotoggenburg.ch\/web\/wp-content\/uploads\/2023\/03\/MZ6_92581-300x200.jpg 300w, https:\/\/www.ergotoggenburg.ch\/web\/wp-content\/uploads\/2023\/03\/MZ6_92581-768x512.jpg 768w, https:\/\/www.ergotoggenburg.ch\/web\/wp-content\/uploads\/2023\/03\/MZ6_92581-1536x1024.jpg 1536w, https:\/\/www.ergotoggenburg.ch\/web\/wp-content\/uploads\/2023\/03\/MZ6_92581-2048x1365.jpg 2048w\" sizes=\"auto, (max-width: 767px) 89vw, (max-width: 1000px) 54vw, (max-width: 1071px) 543px, 580px\" \/><\/figure>\n\n\n\n<p>Bei einer k\u00f6rperlichen Einschr\u00e4nkung kann ein Hilfsmittel eine Unterst\u00fctzung bieten. In der Ergotherapie kl\u00e4ren wir m\u00f6gliche Hilfsmittelvarianten ab. Gerne unterst\u00fctzen wir bei der Auswahl oder vermitteln die Patienten an die Hilfsmittelanbieter.<\/p>\n\n\n\n<h3 class=\"wp-block-heading\"><strong>Diagnosen<\/strong><\/h3>\n\n\n\n<ul class=\"wp-block-list\">\n<li>gesamtes Spektrum von Erkrankungen und Verletzungen<\/li>\n\n\n\n<li>Entwicklungsst\u00f6rungen<\/li>\n<\/ul>\n\n\n\n<h3 class=\"wp-block-heading\"><strong>Unser Angebot<\/strong><\/h3>\n\n\n\n<ul class=\"wp-block-list\">\n<li>Hilfsmittelabkl\u00e4rung- und Beratung<\/li>\n\n\n\n<li>Vermitteln an Hilfsmittelversorger<\/li>\n\n\n\n<li>Wohn<\/li>\n<\/ul>\n","protected":false},"excerpt":{"rendered":"<p>Bei einer k\u00f6rperlichen Einschr\u00e4nkung kann ein Hilfsmittel eine Unterst\u00fctzung bieten. In der Ergotherapie kl\u00e4ren wir m\u00f6gliche Hilfsmittelvarianten ab. Gerne unterst\u00fctzen wir bei der Auswahl oder vermitteln die Patienten an die Hilfsmittelanbieter. Diagnosen Unser Angebot<\/p>\n","protected":false},"author":2,"featured_media":0,"parent":1425,"menu_order":5,"comment_status":"closed","ping_status":"closed","template":"tmp_angebot.php","meta":{"_acf_changed":false,"footnotes":""},"class_list":["post-1806","page","type-page","status-publish","hentry"],"acf":[],"_links":{"self":[{"href":"https:\/\/www.ergotoggenburg.ch\/web\/index.php\/wp-json\/wp\/v2\/pages\/1806","targetHints":{"allow":["GET"]}}],"collection":[{"href":"https:\/\/www.ergotoggenburg.ch\/web\/index.php\/wp-json\/wp\/v2\/pages"}],"about":[{"href":"https:\/\/www.ergotoggenburg.ch\/web\/index.php\/wp-json\/wp\/v2\/types\/page"}],"author":[{"embeddable":true,"href":"https:\/\/www.ergotoggenburg.ch\/web\/index.php\/wp-json\/wp\/v2\/users\/2"}],"replies":[{"embeddable":true,"href":"https:\/\/www.ergotoggenburg.ch\/web\/index.php\/wp-json\/wp\/v2\/comments?post=1806"}],"version-history":[{"count":10,"href":"https:\/\/www.ergotoggenburg.ch\/web\/index.php\/wp-json\/wp\/v2\/pages\/1806\/revisions"}],"predecessor-version":[{"id":3161,"href":"https:\/\/www.ergotoggenburg.ch\/web\/index.php\/wp-json\/wp\/v2\/pages\/1806\/revisions\/3161"}],"up":[{"embeddable":true,"href":"https:\/\/www.ergotoggenburg.ch\/web\/index.php\/wp-json\/wp\/v2\/pages\/1425"}],"wp:attachment":[{"href":"https:\/\/www.ergotoggenburg.ch\/web\/index.php\/wp-json\/wp\/v2\/media?parent=1806"}],"curies":[{"name":"wp","href":"https:\/\/api.w.org\/{rel}","templated":true}]}}