{"id":13,"date":"2012-08-20T22:05:47","date_gmt":"2012-08-20T20:05:47","guid":{"rendered":"http:\/\/ergotoggenburg.ch\/?page_id=13"},"modified":"2026-01-14T09:35:02","modified_gmt":"2026-01-14T08:35:02","slug":"team","status":"publish","type":"page","link":"https:\/\/www.ergotoggenburg.ch\/web\/index.php\/uber-uns\/team\/","title":{"rendered":"Team der ERGO Toggenburg"},"content":{"rendered":"\n<h2 class=\"wp-block-heading has-text-align-left\">Judith Schiess<\/h2>\n\n\n<div class=\"wp-block-image is-style-rounded\">\n<figure class=\"aligncenter size-medium is-resized\"><img loading=\"lazy\" decoding=\"async\" width=\"200\" height=\"300\" src=\"https:\/\/www.ergotoggenburg.ch\/web\/wp-content\/uploads\/2024\/09\/2-200x300.jpg\" alt=\"\" class=\"wp-image-2963\" style=\"aspect-ratio:1;object-fit:cover;width:300px\" srcset=\"https:\/\/www.ergotoggenburg.ch\/web\/wp-content\/uploads\/2024\/09\/2-200x300.jpg 200w, https:\/\/www.ergotoggenburg.ch\/web\/wp-content\/uploads\/2024\/09\/2-683x1024.jpg 683w, https:\/\/www.ergotoggenburg.ch\/web\/wp-content\/uploads\/2024\/09\/2-768x1151.jpg 768w, https:\/\/www.ergotoggenburg.ch\/web\/wp-content\/uploads\/2024\/09\/2-1025x1536.jpg 1025w, https:\/\/www.ergotoggenburg.ch\/web\/wp-content\/uploads\/2024\/09\/2-1367x2048.jpg 1367w, https:\/\/www.ergotoggenburg.ch\/web\/wp-content\/uploads\/2024\/09\/2-scaled.jpg 1709w\" sizes=\"auto, (max-width: 200px) 100vw, 200px\" \/><figcaption class=\"wp-element-caption\"><strong>Gesch\u00e4ftsf\u00fchrung<\/strong><br> js@ergotoggenburg.ch<\/figcaption><\/figure>\n<\/div>\n\n\n<p class=\"has-text-align-center\"><em>&#8222;Ich sch\u00e4tze bei der ERGO Toggenburg das menschlich und fachlich sehr kompetente Team.&#8220;<\/em><\/p>\n\n\n\n<h2 class=\"wp-block-heading has-text-align-left\">Ursula Z\u00f6llig<\/h2>\n\n\n<div class=\"wp-block-image is-style-rounded\">\n<figure class=\"aligncenter size-medium is-resized\"><img loading=\"lazy\" decoding=\"async\" width=\"2560\" height=\"2560\" src=\"https:\/\/www.ergotoggenburg.ch\/web\/wp-content\/uploads\/2026\/01\/15-edited-scaled.jpg\" alt=\"\" class=\"wp-image-3180\" style=\"width:300px;height:undefinedpx\" srcset=\"https:\/\/www.ergotoggenburg.ch\/web\/wp-content\/uploads\/2026\/01\/15-edited-scaled.jpg 2560w, https:\/\/www.ergotoggenburg.ch\/web\/wp-content\/uploads\/2026\/01\/15-edited-300x300.jpg 300w, https:\/\/www.ergotoggenburg.ch\/web\/wp-content\/uploads\/2026\/01\/15-edited-1024x1024.jpg 1024w, https:\/\/www.ergotoggenburg.ch\/web\/wp-content\/uploads\/2026\/01\/15-edited-150x150.jpg 150w, https:\/\/www.ergotoggenburg.ch\/web\/wp-content\/uploads\/2026\/01\/15-edited-768x768.jpg 768w, https:\/\/www.ergotoggenburg.ch\/web\/wp-content\/uploads\/2026\/01\/15-edited-1536x1536.jpg 1536w, https:\/\/www.ergotoggenburg.ch\/web\/wp-content\/uploads\/2026\/01\/15-edited-2048x2048.jpg 2048w, https:\/\/www.ergotoggenburg.ch\/web\/wp-content\/uploads\/2026\/01\/15-edited-100x100.jpg 100w\" sizes=\"auto, (max-width: 767px) 89vw, (max-width: 1000px) 54vw, (max-width: 1071px) 543px, 580px\" \/><figcaption class=\"wp-element-caption\"><strong>Leitung Administration<\/strong><br>uz@ergotoggenburg.ch<\/figcaption><\/figure>\n<\/div>\n\n\n<p class=\"has-text-align-center\"><em>&#8222;Mit gef\u00e4llt der t\u00e4gliche Kundenkontakt und die abwechslungsreiche Arbeit.&#8220;<\/em><\/p>\n\n\n\n<h2 class=\"wp-block-heading has-text-align-left\">Yvonne Seiler <\/h2>\n\n\n<div class=\"wp-block-image is-style-rounded\">\n<figure class=\"aligncenter size-medium is-resized\"><img loading=\"lazy\" decoding=\"async\" width=\"2560\" height=\"2560\" src=\"https:\/\/www.ergotoggenburg.ch\/web\/wp-content\/uploads\/2026\/01\/9-3-edited-scaled.jpg\" alt=\"\" class=\"wp-image-3188\" style=\"width:300px;height:undefinedpx\" srcset=\"https:\/\/www.ergotoggenburg.ch\/web\/wp-content\/uploads\/2026\/01\/9-3-edited-scaled.jpg 2560w, https:\/\/www.ergotoggenburg.ch\/web\/wp-content\/uploads\/2026\/01\/9-3-edited-300x300.jpg 300w, https:\/\/www.ergotoggenburg.ch\/web\/wp-content\/uploads\/2026\/01\/9-3-edited-1024x1024.jpg 1024w, https:\/\/www.ergotoggenburg.ch\/web\/wp-content\/uploads\/2026\/01\/9-3-edited-150x150.jpg 150w, https:\/\/www.ergotoggenburg.ch\/web\/wp-content\/uploads\/2026\/01\/9-3-edited-768x768.jpg 768w, https:\/\/www.ergotoggenburg.ch\/web\/wp-content\/uploads\/2026\/01\/9-3-edited-1536x1536.jpg 1536w, https:\/\/www.ergotoggenburg.ch\/web\/wp-content\/uploads\/2026\/01\/9-3-edited-2048x2048.jpg 2048w, https:\/\/www.ergotoggenburg.ch\/web\/wp-content\/uploads\/2026\/01\/9-3-edited-100x100.jpg 100w\" sizes=\"auto, (max-width: 767px) 89vw, (max-width: 1000px) 54vw, (max-width: 1071px) 543px, 580px\" \/><figcaption class=\"wp-element-caption\"><strong>Administration<\/strong><br>ys@ergotoggenburg.ch<\/figcaption><\/figure>\n<\/div>\n\n\n<p class=\"has-text-align-center\"><em>&#8222;Unterst\u00fctzend im Hintergrund.&#8220;<\/em><\/p>\n\n\n\n<h2 class=\"wp-block-heading has-text-align-left\">Andrea Schlegel <\/h2>\n\n\n<div class=\"wp-block-image is-style-rounded\">\n<figure class=\"aligncenter size-medium\"><img loading=\"lazy\" decoding=\"async\" width=\"300\" height=\"300\" src=\"https:\/\/www.ergotoggenburg.ch\/web\/wp-content\/uploads\/2020\/05\/Andrea-Quadrat-scaled-1-300x300.jpg\" alt=\"\" class=\"wp-image-1527\" srcset=\"https:\/\/www.ergotoggenburg.ch\/web\/wp-content\/uploads\/2020\/05\/Andrea-Quadrat-scaled-1-300x300.jpg 300w, https:\/\/www.ergotoggenburg.ch\/web\/wp-content\/uploads\/2020\/05\/Andrea-Quadrat-scaled-1-1024x1024.jpg 1024w, https:\/\/www.ergotoggenburg.ch\/web\/wp-content\/uploads\/2020\/05\/Andrea-Quadrat-scaled-1-150x150.jpg 150w, https:\/\/www.ergotoggenburg.ch\/web\/wp-content\/uploads\/2020\/05\/Andrea-Quadrat-scaled-1-768x768.jpg 768w, https:\/\/www.ergotoggenburg.ch\/web\/wp-content\/uploads\/2020\/05\/Andrea-Quadrat-scaled-1-1536x1536.jpg 1536w, https:\/\/www.ergotoggenburg.ch\/web\/wp-content\/uploads\/2020\/05\/Andrea-Quadrat-scaled-1-2048x2048.jpg 2048w\" sizes=\"auto, (max-width: 300px) 100vw, 300px\" \/><figcaption class=\"wp-element-caption\"><strong>Standortverantwortliche Degersheim<br>Fachbereichsleitung Neurologie<\/strong><br><strong>Ergotherapeutin BSc<\/strong><br>Neurologie, Geriatrie, Hand <br>as@ergotoggenburg.ch<\/figcaption><\/figure>\n<\/div>\n\n\n<p class=\"has-text-align-center\"><em>&#8222;Ich sch\u00e4tze das interdisziplin\u00e4re Team und der t\u00e4gliche Kontakt mit unseren Klientinnen und Klienten.&#8220;<\/em><\/p>\n\n\n\n<h2 class=\"wp-block-heading\">Michael Feldmann<\/h2>\n\n\n<div class=\"wp-block-image is-style-rounded\">\n<figure class=\"aligncenter size-medium\"><img loading=\"lazy\" decoding=\"async\" width=\"300\" height=\"300\" src=\"https:\/\/www.ergotoggenburg.ch\/web\/wp-content\/uploads\/2019\/07\/Michi-Quadrat-scaled-1-300x300.jpg\" alt=\"\" class=\"wp-image-1535\" srcset=\"https:\/\/www.ergotoggenburg.ch\/web\/wp-content\/uploads\/2019\/07\/Michi-Quadrat-scaled-1-300x300.jpg 300w, https:\/\/www.ergotoggenburg.ch\/web\/wp-content\/uploads\/2019\/07\/Michi-Quadrat-scaled-1-1024x1024.jpg 1024w, https:\/\/www.ergotoggenburg.ch\/web\/wp-content\/uploads\/2019\/07\/Michi-Quadrat-scaled-1-150x150.jpg 150w, https:\/\/www.ergotoggenburg.ch\/web\/wp-content\/uploads\/2019\/07\/Michi-Quadrat-scaled-1-768x768.jpg 768w, https:\/\/www.ergotoggenburg.ch\/web\/wp-content\/uploads\/2019\/07\/Michi-Quadrat-scaled-1-1536x1536.jpg 1536w, https:\/\/www.ergotoggenburg.ch\/web\/wp-content\/uploads\/2019\/07\/Michi-Quadrat-scaled-1-2048x2048.jpg 2048w\" sizes=\"auto, (max-width: 300px) 100vw, 300px\" \/><figcaption class=\"wp-element-caption\"><strong>Fachbereichsleitung Hand <\/strong><br><strong>Dipl. Ergotherapeut <\/strong><br>Hand <br>mf@ergotoggenburg.ch<\/figcaption><\/figure>\n<\/div>\n\n\n<p class=\"has-text-align-center\"><em>&#8222;Menschen nach einem einschneidenden Ereignis zur\u00fcck in Alltag und Berufsleben begleiten zu k\u00f6nnen macht mir Freude. Der Austausch im Team finde ich wichtig und bereichernd.&#8220;<\/em><\/p>\n\n\n\n<h2 class=\"wp-block-heading\">Tiffany Ehrbar<\/h2>\n\n\n<div class=\"wp-block-image is-style-rounded\">\n<figure class=\"aligncenter size-full is-resized\"><img loading=\"lazy\" decoding=\"async\" width=\"2560\" height=\"2560\" src=\"https:\/\/www.ergotoggenburg.ch\/web\/wp-content\/uploads\/2026\/01\/13-edited-scaled.jpg\" alt=\"\" class=\"wp-image-3190\" style=\"width:300px;height:300px\" srcset=\"https:\/\/www.ergotoggenburg.ch\/web\/wp-content\/uploads\/2026\/01\/13-edited-scaled.jpg 2560w, https:\/\/www.ergotoggenburg.ch\/web\/wp-content\/uploads\/2026\/01\/13-edited-300x300.jpg 300w, https:\/\/www.ergotoggenburg.ch\/web\/wp-content\/uploads\/2026\/01\/13-edited-1024x1024.jpg 1024w, https:\/\/www.ergotoggenburg.ch\/web\/wp-content\/uploads\/2026\/01\/13-edited-150x150.jpg 150w, https:\/\/www.ergotoggenburg.ch\/web\/wp-content\/uploads\/2026\/01\/13-edited-768x768.jpg 768w, https:\/\/www.ergotoggenburg.ch\/web\/wp-content\/uploads\/2026\/01\/13-edited-1536x1536.jpg 1536w, https:\/\/www.ergotoggenburg.ch\/web\/wp-content\/uploads\/2026\/01\/13-edited-2048x2048.jpg 2048w, https:\/\/www.ergotoggenburg.ch\/web\/wp-content\/uploads\/2026\/01\/13-edited-100x100.jpg 100w\" sizes=\"auto, (max-width: 767px) 89vw, (max-width: 1000px) 54vw, (max-width: 1071px) 543px, 580px\" \/><figcaption class=\"wp-element-caption\"><strong>Fachbereichsleitung P\u00e4diatrie <\/strong><br><strong>Ergotherapeutin BSc<\/strong><br>P\u00e4diatrie <br>te@ergotoggenburg.ch<br><\/figcaption><\/figure>\n<\/div>\n\n\n<p class=\"has-text-align-center\"><em>\u201eIch begleite Kinder in ihrem Alltag, \u00fcbe spielerisch mit ihnen \u2013 und erlebe jeden Tag das sch\u00f6ne Kinderlachen.\u201c<\/em><\/p>\n\n\n\n<h2 class=\"wp-block-heading\">Katja M\u00fcrner<\/h2>\n\n\n<div class=\"wp-block-image is-style-rounded\">\n<figure class=\"aligncenter size-medium is-resized\"><img loading=\"lazy\" decoding=\"async\" width=\"300\" height=\"300\" src=\"https:\/\/www.ergotoggenburg.ch\/web\/wp-content\/uploads\/2023\/11\/Foto-Websiter-Quadratisch-300x300.jpg\" alt=\"\" class=\"wp-image-2888\" style=\"width:300px;height:300px\" srcset=\"https:\/\/www.ergotoggenburg.ch\/web\/wp-content\/uploads\/2023\/11\/Foto-Websiter-Quadratisch-300x300.jpg 300w, https:\/\/www.ergotoggenburg.ch\/web\/wp-content\/uploads\/2023\/11\/Foto-Websiter-Quadratisch-1024x1024.jpg 1024w, https:\/\/www.ergotoggenburg.ch\/web\/wp-content\/uploads\/2023\/11\/Foto-Websiter-Quadratisch-150x150.jpg 150w, https:\/\/www.ergotoggenburg.ch\/web\/wp-content\/uploads\/2023\/11\/Foto-Websiter-Quadratisch-768x768.jpg 768w, https:\/\/www.ergotoggenburg.ch\/web\/wp-content\/uploads\/2023\/11\/Foto-Websiter-Quadratisch-1536x1536.jpg 1536w, https:\/\/www.ergotoggenburg.ch\/web\/wp-content\/uploads\/2023\/11\/Foto-Websiter-Quadratisch-2048x2048.jpg 2048w, https:\/\/www.ergotoggenburg.ch\/web\/wp-content\/uploads\/2023\/11\/Foto-Websiter-Quadratisch-100x100.jpg 100w\" sizes=\"auto, (max-width: 300px) 100vw, 300px\" \/><figcaption class=\"wp-element-caption\"><strong>Teilverantwortung Fachbereich Neurologie\/Geriatrie<\/strong><br><strong>Ergotherapeutin BSc<\/strong><br>Neurologie, Geriatrie<br>km@ergotoggenburg.ch<br><\/figcaption><\/figure>\n<\/div>\n\n\n<p class=\"has-text-align-center\"><em>&#8222;An meiner Arbeit gef\u00e4llt mir ganz speziell, dass ich Menschen direkt in ihrem Alltag unterst\u00fctzen und wieder zur bestm\u00f6glichen Selbst\u00e4ndigkeit verhelfen kann.&#8220;<\/em><\/p>\n\n\n\n<h2 class=\"wp-block-heading\">Alexandra Pellizzari<\/h2>\n\n\n<div class=\"wp-block-image is-style-rounded\">\n<figure class=\"aligncenter size-medium\"><img loading=\"lazy\" decoding=\"async\" width=\"300\" height=\"300\" src=\"https:\/\/www.ergotoggenburg.ch\/web\/wp-content\/uploads\/2020\/05\/Alexandra-Quadrat-scaled-1-300x300.jpg\" alt=\"\" class=\"wp-image-1526\" srcset=\"https:\/\/www.ergotoggenburg.ch\/web\/wp-content\/uploads\/2020\/05\/Alexandra-Quadrat-scaled-1-300x300.jpg 300w, https:\/\/www.ergotoggenburg.ch\/web\/wp-content\/uploads\/2020\/05\/Alexandra-Quadrat-scaled-1-1024x1024.jpg 1024w, https:\/\/www.ergotoggenburg.ch\/web\/wp-content\/uploads\/2020\/05\/Alexandra-Quadrat-scaled-1-150x150.jpg 150w, https:\/\/www.ergotoggenburg.ch\/web\/wp-content\/uploads\/2020\/05\/Alexandra-Quadrat-scaled-1-768x768.jpg 768w, https:\/\/www.ergotoggenburg.ch\/web\/wp-content\/uploads\/2020\/05\/Alexandra-Quadrat-scaled-1-1536x1536.jpg 1536w, https:\/\/www.ergotoggenburg.ch\/web\/wp-content\/uploads\/2020\/05\/Alexandra-Quadrat-scaled-1-2048x2048.jpg 2048w\" sizes=\"auto, (max-width: 300px) 100vw, 300px\" \/><figcaption class=\"wp-element-caption\"><strong>Dipl. Ergotherapeutin<\/strong><br>Neurologie, Geriatrie, P\u00e4diatrie<br>ap@ergotoggenburg.ch<\/figcaption><\/figure>\n<\/div>\n\n\n<p class=\"has-text-align-center\"><em>&#8222;Das Unterst\u00fctzen und Begleiten von Menschen mit Demenz und ihren Angeh\u00f6rigen im Alltag macht mir viel Freude. Der regelm\u00e4ssige Austausch im Team sch\u00e4tze ich sehr.&#8220;<\/em><\/p>\n\n\n\n<h2 class=\"wp-block-heading\">Michaela Schwall<\/h2>\n\n\n<div class=\"wp-block-image is-style-rounded\">\n<figure class=\"aligncenter size-medium\"><img loading=\"lazy\" decoding=\"async\" width=\"300\" height=\"300\" src=\"https:\/\/www.ergotoggenburg.ch\/web\/wp-content\/uploads\/2019\/01\/Michaela-Quadrat-scaled-1-300x300.jpg\" alt=\"\" class=\"wp-image-1536\" srcset=\"https:\/\/www.ergotoggenburg.ch\/web\/wp-content\/uploads\/2019\/01\/Michaela-Quadrat-scaled-1-300x300.jpg 300w, https:\/\/www.ergotoggenburg.ch\/web\/wp-content\/uploads\/2019\/01\/Michaela-Quadrat-scaled-1-1024x1024.jpg 1024w, https:\/\/www.ergotoggenburg.ch\/web\/wp-content\/uploads\/2019\/01\/Michaela-Quadrat-scaled-1-150x150.jpg 150w, https:\/\/www.ergotoggenburg.ch\/web\/wp-content\/uploads\/2019\/01\/Michaela-Quadrat-scaled-1-768x768.jpg 768w, https:\/\/www.ergotoggenburg.ch\/web\/wp-content\/uploads\/2019\/01\/Michaela-Quadrat-scaled-1-1536x1536.jpg 1536w, https:\/\/www.ergotoggenburg.ch\/web\/wp-content\/uploads\/2019\/01\/Michaela-Quadrat-scaled-1-2048x2048.jpg 2048w\" sizes=\"auto, (max-width: 300px) 100vw, 300px\" \/><figcaption class=\"wp-element-caption\"><strong>Dipl. Ergotherapeutin<\/strong><br>Neurologie, Geriatrie, Hand<br>ms@ergotoggenburg.ch<\/figcaption><\/figure>\n<\/div>\n\n\n<p class=\"has-text-align-center\"><em>&#8222;Ich finde es spannend unterwegs zu sein, die Klientinnen und Klienten in ihrem Alltag zu behandeln und doch in einem Team zum Arbeiten.&#8220;<\/em><\/p>\n\n\n\n<h2 class=\"wp-block-heading\">Linda D\u00fcrrenmatt<\/h2>\n\n\n<div class=\"wp-block-image is-style-rounded\">\n<figure class=\"aligncenter size-medium\"><img loading=\"lazy\" decoding=\"async\" width=\"277\" height=\"300\" src=\"https:\/\/www.ergotoggenburg.ch\/web\/wp-content\/uploads\/2022\/03\/13a-277x300.jpg\" alt=\"\" class=\"wp-image-2193\" srcset=\"https:\/\/www.ergotoggenburg.ch\/web\/wp-content\/uploads\/2022\/03\/13a-277x300.jpg 277w, https:\/\/www.ergotoggenburg.ch\/web\/wp-content\/uploads\/2022\/03\/13a-947x1024.jpg 947w, https:\/\/www.ergotoggenburg.ch\/web\/wp-content\/uploads\/2022\/03\/13a-768x831.jpg 768w, https:\/\/www.ergotoggenburg.ch\/web\/wp-content\/uploads\/2022\/03\/13a-1420x1536.jpg 1420w, https:\/\/www.ergotoggenburg.ch\/web\/wp-content\/uploads\/2022\/03\/13a-1894x2048.jpg 1894w\" sizes=\"auto, (max-width: 277px) 100vw, 277px\" \/><figcaption class=\"wp-element-caption\"><strong>Ergotherapeutin BSc<\/strong><br>Neurologie, Geriatrie<br>ld@ergotoggenburg.ch<\/figcaption><\/figure>\n<\/div>\n\n\n<p class=\"has-text-align-center\"><em>&#8222;Ich bin dankbar daf\u00fcr, Zeit f\u00fcr meine Klientinnen und Klienten zu haben. Die wertsch\u00e4tzende und hilfsbereite Teamkultur bereichert meine Arbeit.&#8220;<\/em><\/p>\n\n\n\n<h2 class=\"wp-block-heading\">Nadja Bylang-N\u00e4scher <\/h2>\n\n\n<div class=\"wp-block-image is-style-rounded\">\n<figure class=\"aligncenter size-medium is-resized\"><img loading=\"lazy\" decoding=\"async\" width=\"300\" height=\"300\" src=\"https:\/\/www.ergotoggenburg.ch\/web\/wp-content\/uploads\/2023\/11\/Homepage-Quadratisch-300x300.jpg\" alt=\"\" class=\"wp-image-2889\" style=\"width:300px;height:300px\" srcset=\"https:\/\/www.ergotoggenburg.ch\/web\/wp-content\/uploads\/2023\/11\/Homepage-Quadratisch-300x300.jpg 300w, https:\/\/www.ergotoggenburg.ch\/web\/wp-content\/uploads\/2023\/11\/Homepage-Quadratisch-1024x1024.jpg 1024w, https:\/\/www.ergotoggenburg.ch\/web\/wp-content\/uploads\/2023\/11\/Homepage-Quadratisch-150x150.jpg 150w, https:\/\/www.ergotoggenburg.ch\/web\/wp-content\/uploads\/2023\/11\/Homepage-Quadratisch-768x767.jpg 768w, https:\/\/www.ergotoggenburg.ch\/web\/wp-content\/uploads\/2023\/11\/Homepage-Quadratisch-1536x1534.jpg 1536w, https:\/\/www.ergotoggenburg.ch\/web\/wp-content\/uploads\/2023\/11\/Homepage-Quadratisch-2048x2046.jpg 2048w, https:\/\/www.ergotoggenburg.ch\/web\/wp-content\/uploads\/2023\/11\/Homepage-Quadratisch-100x100.jpg 100w\" sizes=\"auto, (max-width: 300px) 100vw, 300px\" \/><figcaption class=\"wp-element-caption\"><strong>Ergotherapeutin BSc<\/strong><br>Hand, Neurologie, Geriatrie <br>nb@ergotoggenburg.ch<br><\/figcaption><\/figure>\n<\/div>\n\n\n<p class=\"has-text-align-center\"><em>&#8222;Es macht mir Freude zu sehen, wie Menschen mit Handverletzungen oder Erkrankungen ihr H\u00e4nde im Alltag wieder einsetzen k\u00f6nnen.&#8220;<\/em><\/p>\n\n\n\n<h2 class=\"wp-block-heading\">Stefanie Ebner-Schefer <\/h2>\n\n\n<div class=\"wp-block-image is-style-rounded\">\n<figure class=\"aligncenter size-full is-resized\"><img loading=\"lazy\" decoding=\"async\" width=\"2560\" height=\"2560\" src=\"https:\/\/www.ergotoggenburg.ch\/web\/wp-content\/uploads\/2026\/01\/4-edited-scaled.jpg\" alt=\"\" class=\"wp-image-3192\" style=\"width:300px;height:300px\" srcset=\"https:\/\/www.ergotoggenburg.ch\/web\/wp-content\/uploads\/2026\/01\/4-edited-scaled.jpg 2560w, https:\/\/www.ergotoggenburg.ch\/web\/wp-content\/uploads\/2026\/01\/4-edited-300x300.jpg 300w, https:\/\/www.ergotoggenburg.ch\/web\/wp-content\/uploads\/2026\/01\/4-edited-1024x1024.jpg 1024w, https:\/\/www.ergotoggenburg.ch\/web\/wp-content\/uploads\/2026\/01\/4-edited-150x150.jpg 150w, https:\/\/www.ergotoggenburg.ch\/web\/wp-content\/uploads\/2026\/01\/4-edited-768x768.jpg 768w, https:\/\/www.ergotoggenburg.ch\/web\/wp-content\/uploads\/2026\/01\/4-edited-1536x1536.jpg 1536w, https:\/\/www.ergotoggenburg.ch\/web\/wp-content\/uploads\/2026\/01\/4-edited-2048x2048.jpg 2048w, https:\/\/www.ergotoggenburg.ch\/web\/wp-content\/uploads\/2026\/01\/4-edited-100x100.jpg 100w\" sizes=\"auto, (max-width: 767px) 89vw, (max-width: 1000px) 54vw, (max-width: 1071px) 543px, 580px\" \/><figcaption class=\"wp-element-caption\"><strong>Ergotherapeutin BSc<\/strong><br>Hand, P\u00e4diatrie <br>se@ergotoggenburg.ch<br><\/figcaption><\/figure>\n<\/div>\n\n\n<p class=\"has-text-align-center\"><em>&#8222;Ich sch\u00e4tze die Vielfalt meines Berufes als Ergotherapeutin \u2013 von der lebendigen F\u00f6rderung der Kinder bis zur strukturierten Handtherapie mit Erwachsenen.&#8220;<\/em><\/p>\n\n\n\n<h2 class=\"wp-block-heading\">Regula Kn\u00f6pfel <\/h2>\n\n\n<div class=\"wp-block-image is-style-rounded\">\n<figure class=\"aligncenter size-full is-resized\"><img loading=\"lazy\" decoding=\"async\" width=\"2560\" height=\"2560\" src=\"https:\/\/www.ergotoggenburg.ch\/web\/wp-content\/uploads\/2026\/01\/1-edited-scaled.jpg\" alt=\"\" class=\"wp-image-3198\" style=\"width:300px;height:300px\" srcset=\"https:\/\/www.ergotoggenburg.ch\/web\/wp-content\/uploads\/2026\/01\/1-edited-scaled.jpg 2560w, https:\/\/www.ergotoggenburg.ch\/web\/wp-content\/uploads\/2026\/01\/1-edited-300x300.jpg 300w, https:\/\/www.ergotoggenburg.ch\/web\/wp-content\/uploads\/2026\/01\/1-edited-1024x1024.jpg 1024w, https:\/\/www.ergotoggenburg.ch\/web\/wp-content\/uploads\/2026\/01\/1-edited-150x150.jpg 150w, https:\/\/www.ergotoggenburg.ch\/web\/wp-content\/uploads\/2026\/01\/1-edited-768x768.jpg 768w, https:\/\/www.ergotoggenburg.ch\/web\/wp-content\/uploads\/2026\/01\/1-edited-1536x1536.jpg 1536w, https:\/\/www.ergotoggenburg.ch\/web\/wp-content\/uploads\/2026\/01\/1-edited-2048x2048.jpg 2048w, https:\/\/www.ergotoggenburg.ch\/web\/wp-content\/uploads\/2026\/01\/1-edited-100x100.jpg 100w\" sizes=\"auto, (max-width: 767px) 89vw, (max-width: 1000px) 54vw, (max-width: 1071px) 543px, 580px\" \/><figcaption class=\"wp-element-caption\"><strong>Ergotherapeutin BSc<\/strong><br>Hand, Neurologie, Geriatrie  <br>rk@ergotoggenburg.ch<br><\/figcaption><\/figure>\n<\/div>\n\n\n<p class=\"has-text-align-center\"><em>&#8222;Es bereitet mir Freude individuell mit Menschen zusammenzuarbeiten und ihre Handlungsf\u00e4higkeit im Alltag zu f\u00f6rdern.&#8220;<\/em><\/p>\n\n\n\n<h2 class=\"wp-block-heading\">Kathrin Imhof<\/h2>\n\n\n<div class=\"wp-block-image is-style-rounded\">\n<figure class=\"aligncenter size-full is-resized\"><img loading=\"lazy\" decoding=\"async\" width=\"2560\" height=\"2560\" src=\"https:\/\/www.ergotoggenburg.ch\/web\/wp-content\/uploads\/2026\/01\/11-edited-1-scaled.jpg\" alt=\"\" class=\"wp-image-3203\" style=\"width:300px;height:300px\" srcset=\"https:\/\/www.ergotoggenburg.ch\/web\/wp-content\/uploads\/2026\/01\/11-edited-1-scaled.jpg 2560w, https:\/\/www.ergotoggenburg.ch\/web\/wp-content\/uploads\/2026\/01\/11-edited-1-300x300.jpg 300w, https:\/\/www.ergotoggenburg.ch\/web\/wp-content\/uploads\/2026\/01\/11-edited-1-1024x1024.jpg 1024w, https:\/\/www.ergotoggenburg.ch\/web\/wp-content\/uploads\/2026\/01\/11-edited-1-150x150.jpg 150w, https:\/\/www.ergotoggenburg.ch\/web\/wp-content\/uploads\/2026\/01\/11-edited-1-768x768.jpg 768w, https:\/\/www.ergotoggenburg.ch\/web\/wp-content\/uploads\/2026\/01\/11-edited-1-1536x1536.jpg 1536w, https:\/\/www.ergotoggenburg.ch\/web\/wp-content\/uploads\/2026\/01\/11-edited-1-2048x2048.jpg 2048w, https:\/\/www.ergotoggenburg.ch\/web\/wp-content\/uploads\/2026\/01\/11-edited-1-100x100.jpg 100w\" sizes=\"auto, (max-width: 767px) 89vw, (max-width: 1000px) 54vw, (max-width: 1071px) 543px, 580px\" \/><figcaption class=\"wp-element-caption\"><strong>Ergotherapeutin BSc<\/strong><br>Neurologie, Geriatrie, P\u00e4diatrie <br>ki@ergotoggenburg.ch<br><\/figcaption><\/figure>\n<\/div>\n\n\n<p class=\"has-text-align-center\"><em>&#8222;Es bereitet mir Freude individuell mit Menschen zusammenzuarbeiten und ihre Handlungsf\u00e4higkeit im Alltag zu f\u00f6rdern.&#8220;<\/em><\/p>\n\n\n\n<p class=\"has-text-align-center\"><\/p>\n\n\n\n<h2 class=\"wp-block-heading\">Thomas Sutter<\/h2>\n\n\n<div class=\"wp-block-image is-style-rounded\">\n<figure class=\"aligncenter size-full is-resized\"><img loading=\"lazy\" decoding=\"async\" width=\"250\" height=\"250\" src=\"https:\/\/www.ergotoggenburg.ch\/web\/wp-content\/uploads\/2023\/03\/cropped-cropped-cropped-Design-ohne-Titel-1.png\" alt=\"\" class=\"wp-image-2709\" style=\"width:300px;height:300px\" srcset=\"https:\/\/www.ergotoggenburg.ch\/web\/wp-content\/uploads\/2023\/03\/cropped-cropped-cropped-Design-ohne-Titel-1.png 250w, https:\/\/www.ergotoggenburg.ch\/web\/wp-content\/uploads\/2023\/03\/cropped-cropped-cropped-Design-ohne-Titel-1-150x150.png 150w, https:\/\/www.ergotoggenburg.ch\/web\/wp-content\/uploads\/2023\/03\/cropped-cropped-cropped-Design-ohne-Titel-1-100x100.png 100w\" sizes=\"auto, (max-width: 250px) 100vw, 250px\" \/><figcaption class=\"wp-element-caption\">Reinigungsfachmann<\/figcaption><\/figure>\n<\/div>\n\n\n<p class=\"has-text-align-center\"><em>&#8222;Ich freue mich, wenn ich zu einer sauberen Ergotherapie beitragen kann.&#8220;<\/em><\/p>\n\n\n\n<p><\/p>\n","protected":false},"excerpt":{"rendered":"<p>Judith Schiess &#8222;Ich sch\u00e4tze bei der ERGO Toggenburg das menschlich und fachlich sehr kompetente Team.&#8220; Ursula Z\u00f6llig &#8222;Mit gef\u00e4llt der t\u00e4gliche Kundenkontakt und die abwechslungsreiche Arbeit.&#8220; Yvonne Seiler &#8222;Unterst\u00fctzend im Hintergrund.&#8220; Andrea Schlegel &#8222;Ich sch\u00e4tze das interdisziplin\u00e4re Team und der t\u00e4gliche Kontakt mit unseren Klientinnen und Klienten.&#8220; Michael Feldmann &#8222;Menschen nach einem einschneidenden Ereignis zur\u00fcck &hellip; <\/p>\n<p class=\"link-more\"><a href=\"https:\/\/www.ergotoggenburg.ch\/web\/index.php\/uber-uns\/team\/\" class=\"more-link\"><span class=\"screen-reader-text\">\u201eTeam der ERGO Toggenburg\u201c<\/span> weiterlesen<\/a><\/p>\n","protected":false},"author":1,"featured_media":0,"parent":787,"menu_order":10,"comment_status":"closed","ping_status":"closed","template":"tmp_team_2016.php","meta":{"_acf_changed":false,"footnotes":""},"class_list":["post-13","page","type-page","status-publish","hentry"],"acf":[],"_links":{"self":[{"href":"https:\/\/www.ergotoggenburg.ch\/web\/index.php\/wp-json\/wp\/v2\/pages\/13","targetHints":{"allow":["GET"]}}],"collection":[{"href":"https:\/\/www.ergotoggenburg.ch\/web\/index.php\/wp-json\/wp\/v2\/pages"}],"about":[{"href":"https:\/\/www.ergotoggenburg.ch\/web\/index.php\/wp-json\/wp\/v2\/types\/page"}],"author":[{"embeddable":true,"href":"https:\/\/www.ergotoggenburg.ch\/web\/index.php\/wp-json\/wp\/v2\/users\/1"}],"replies":[{"embeddable":true,"href":"https:\/\/www.ergotoggenburg.ch\/web\/index.php\/wp-json\/wp\/v2\/comments?post=13"}],"version-history":[{"count":80,"href":"https:\/\/www.ergotoggenburg.ch\/web\/index.php\/wp-json\/wp\/v2\/pages\/13\/revisions"}],"predecessor-version":[{"id":3208,"href":"https:\/\/www.ergotoggenburg.ch\/web\/index.php\/wp-json\/wp\/v2\/pages\/13\/revisions\/3208"}],"up":[{"embeddable":true,"href":"https:\/\/www.ergotoggenburg.ch\/web\/index.php\/wp-json\/wp\/v2\/pages\/787"}],"wp:attachment":[{"href":"https:\/\/www.ergotoggenburg.ch\/web\/index.php\/wp-json\/wp\/v2\/media?parent=13"}],"curies":[{"name":"wp","href":"https:\/\/api.w.org\/{rel}","templated":true}]}}